
5
Let p be 4/(420/90135) - (-12)/(-28). Calculate the highest common divisor of p and 528.
66
Let y(z) = -271*z + 784. Let w be y(-5). Calculate the greatest common divisor of 186 and w.
93
Let n(h) = -h**2 - 1. Let y be n(1). Let a be (y + 6/6)*-5*13. Let g = 121 - a. Calculate the greatest common divisor of g and 8.
8
Let k be (-14)/6*(-11)/((-66)/(-18)). Suppose 51 + 124 = k*s. Calculate the greatest common divisor of 100 and s.
25
Let y(u) be the second derivative of 13*u**4/6 + 5*u**3/6 + u**2/2 + 83*u. Let m be y(1). Calculate the greatest common divisor of 72 and m.
8
Let p(l) = -5*l**3 - 13*l**2 + 20*l + 72. Let w be p(-5). Calculate the highest common divisor of w and 3332.
68
Suppose 4*o - c = 284, -2*o - 2*c + 114 = -28. Let v be 6/21 + (-54)/(-7). Suppose v*x - 529 = o. Calculate the greatest common factor of 30 and x.
15
Let s = 60 + -55. Let j be s/10 - (-390)/4. What is the highest common factor of j and 245?
49
Let s = 18851 - 18811. Calculate the highest common factor of s and 100.
20
Let v(q) = 2*q**2 - 2*q - 4. Let l be (1 + (-6)/12)*8*-1. Let z be v(l). Calculate the highest common divisor of 63 and z.
9
Let h be 1/(-5) + ((-11376)/40)/3. Let l be (-210)/(-4)*(-608)/h. What is the highest common factor of 42 and l?
42
Suppose 76*r - 311 = -p + 79*r, -5*p + 5*r + 1575 = 0. Let o = p + -306. Calculate the greatest common factor of o and 352.
11
Suppose 9*u - 3*u - 96 = 0. Suppose u = -4*l - 5*a + 6*a, l + 4 = -3*a. Let x be l/(-6) - (-1360)/12. What is the greatest common divisor of 6 and x?
6
Suppose -71*h - 16 = -79*h. Suppose h*y + x - 4*x - 92 = 0, y - 51 = -x. What is the greatest common factor of y and 21?
7
Let x be (-24 + 560/21)/((-2)/(-2559)). Calculate the greatest common factor of x and 8.
4
Suppose -x - 11 - 9 = 4*c, 2*c = 4*x - 28. Let a = 13 + c. Suppose 33*q - 231 + 0 = 0. Calculate the highest common factor of a and q.
7
Let n be 42/189 - 241/(-9). Suppose -2*f + 45 = -n. Calculate the greatest common factor of 162 and f.
18
Let i = 16 - 12. Suppose -a - a = b + i, 5*a = 2*b - 28. Suppose 0*h + 2*z = -2*h + 6, h = -b*z - 3. What is the highest common divisor of h and 20?
5
Let i = -11394 + 40434. Calculate the greatest common divisor of i and 10.
10
Suppose 2980 = 4*r - 2*t, -81*t = 2*r - 83*t - 1486. Let l be (249/(-12))/((-2)/8). What is the highest common factor of r and l?
83
Suppose 0 = -14*i + 11*i + 63. Let k = i + -15. Suppose 0 = -j - 5*v + k, -4*v + 2*v = 2. Calculate the greatest common divisor of 11 and j.
11
Suppose -95*n + 5746 = -5274. Calculate the greatest common factor of 8120 and n.
116
Let d(i) = -3*i + 1428. Let x be d(107). Calculate the highest common factor of 351 and x.
27
Suppose q + 231 = 7*s - 0*q, -s + q = -33. Calculate the greatest common divisor of s and 5181.
33
Suppose 869 = z + 5*d, -5*d + 3 + 2 = 0. Calculate the greatest common factor of 2 and z.
2
Let w(z) = 31*z**2 - 4*z - 4. Let x be w(-1). Suppose 4*j - 189 = -y, y = -j + 14 + x. What is the greatest common factor of j and 160?
16
Suppose 0 = 105*h + 1440 - 5010. Calculate the greatest common factor of 1139 and h.
17
Let z be (5 - (1 - 0)) + 42 + -40. What is the greatest common factor of z and 702?
6
Suppose -470*c = -10644486 - 5220364. What is the greatest common divisor of c and 215?
215
Suppose -5*f = 3*o - 416, 2*f + f - 252 = -3*o. Suppose 2*s - 910 = -f. Let z be 1 + (4/(-6))/((-12)/s). Calculate the highest common factor of 192 and z.
24
Suppose -97 = -3*n + 65. Let s be -4 - n/(-4)*6. Suppose -10*z + 96 = 26. What is the greatest common divisor of z and s?
7
Let t = -51 + -40. Let v = 139 - t. Calculate the greatest common factor of 10 and v.
10
Let v(l) = -l**3 - 14*l**2 + 13*l + 16. Let h(x) = x**2. Let t(s) = 3*h(s) + v(s). Let q be t(-13). What is the highest common factor of 5 and q?
5
Suppose -79*r + 105*r = -9516. Let o = r - -433. What is the greatest common factor of 603 and o?
67
Let a = -18327 - -18603. Calculate the highest common factor of a and 1311.
69
Let u(o) = 42*o**2 - 86*o**2 + 45*o**2 - 1 - o. Let h be u(-8). Suppose -h - 89 = -2*z. What is the greatest common divisor of z and 10?
10
Suppose 949 = 12*k - 263. Let g = k + -95. Calculate the greatest common divisor of g and 114.
6
Let a = -5485 + 5598. Calculate the greatest common factor of 2599 and a.
113
Let a = 6706 - 2729. What is the highest common divisor of 388 and a?
97
Suppose -38*a - 390 = -51*a. Let h be 5 + -1 + a + -24. Calculate the greatest common divisor of 80 and h.
10
Suppose 5*s = -x + 14, -3*s + 43 = -x + 73. Suppose 2*y - 90 - 294 = 0. Suppose w - y = -w. What is the greatest common divisor of w and x?
24
Suppose 11*w - 42 = 5*w. Suppose -q - 138 = -w*q. Calculate the greatest common factor of 138 and q.
23
Let y(s) = 71*s + 2497. Let m be y(-35). What is the highest common divisor of 440 and m?
4
Let o = 907 - 859. What is the highest common factor of o and 376?
8
Let j(h) = h**3 - 6*h**2 + 4*h - 26. Let r be j(6). Let u be 53 + -2 - r/(-4 - -6). What is the highest common divisor of 4 and u?
4
Let j = 31 + -18. Let q be (-704)/(-80) - 8/10. Suppose -j*y = -q*y - 25. Calculate the highest common divisor of y and 15.
5
Let d be 24/(-6) + 481 + -15. What is the highest common divisor of d and 792?
66
Let w(t) = -t**2 + 8*t + 26. Let x be w(-10). Let v = x + 382. What is the greatest common factor of 57 and v?
57
Suppose 2*d - 132 + 230 = 0. Let l(h) = -2*h**2 - 96*h + 107. Let w be l(d). Calculate the highest common divisor of 909 and w.
9
Let d(c) = 135*c**2 + c - 1. Let v be d(1). Suppose 18*k + v = 23*k. Let f = -15 + k. Calculate the highest common factor of f and 4.
4
Let q = 50153 + -50152. Suppose -4*n = -4*p, 4*n + 2*p - 10 = n. Suppose 3*d - n = -g, -3*g - d + 6 = d. What is the greatest common factor of g and q?
1
Let r(q) = -q**3 + q**2 - q + 10. Suppose 18*a = -a. Let m be r(a). Calculate the greatest common factor of 490 and m.
10
Suppose 0 = -461*a + 409*a + 2080. Calculate the highest common divisor of 830 and a.
10
Let s = -6204 - -8573. Calculate the greatest common factor of s and 206.
103
Suppose 2*t + t = 0. Let y be 59 + (-3 - t) - 3. Suppose -87440 - 96947 = -497*m. Calculate the highest common factor of m and y.
53
Let r = 13778 + -12828. Calculate the greatest common factor of r and 6080.
190
Let d(x) = x**2 + 99*x + 1696. Let h be d(-22). Calculate the highest common factor of h and 10724.
2
Suppose 0 = 3*c + 4*c - 49. Let t be -2 + 597/9 + 2/(-6). Suppose -c*s = s - t. What is the greatest common factor of 20 and s?
4
Let w(i) = 11*i - 2*i - 2 - 8*i. Suppose -3*f + 14 = 3*d + 8, -2*f + 4*d = -34. Let x be w(f). What is the highest common factor of 25 and x?
5
Suppose -6*b = -13*b + 35. Suppose 4*s - b*v - 111 = 0, 86 = -5*s + 2*v + 212. Calculate the greatest common divisor of s and 60.
12
Let n be 537 + -4 - 0/8. What is the highest common factor of n and 39?
13
Let o(u) = 44*u**2 + 3*u + 2. Let a be o(3). Let g be (-10 - (-14 + 5))*-37. What is the highest common factor of a and g?
37
Suppose -174*w + 162*w + 24 = 0. Suppose -3*g + p + 33 = 0, -w*g - 4*p + 2*p + 30 = 0. What is the greatest common factor of 116 and g?
4
Suppose l = 12*l - 99. Let c be (30/l)/(1/93). What is the greatest common divisor of c and 10?
10
Let c(h) = -h**3 - 3*h**2 - 20*h - 117. Let f be c(-5). Calculate the highest common divisor of 3102 and f.
33
Suppose -2*t = -2*z - 698, -z + 971 = 3*t - 96. What is the greatest common factor of 4 and t?
2
Suppose -2*o + 5*i + 19 = -62, 0 = -4*o - 3*i + 97. Suppose 0 = -o*j + 21*j + 126. What is the highest common divisor of j and 12?
6
Suppose -m + 111 - 41 = 0. Let p be (464/m + (-8)/(-14))*5. What is the greatest common divisor of p and 234?
18
Let y be (-8)/(-28) + 48204/91. Let d = -474 + y. What is the greatest common divisor of d and 112?
56
Let f(o) = -o**2 + 11*o - 1. Let w be f(6). Let r = 1069 + -1040. Calculate the greatest common divisor of r and w.
29
Let a = 325 + -307. Suppose a*r = -17*r + 3990. Calculate the greatest common factor of 38 and r.
38
Let a be (-99)/((1/1)/(-1)). Let b be 96/(-56)*(-189)/18. What is the highest common divisor of a and b?
9
Let s = 41 + 4. Suppose 365*g - 372*g + 525 = 0. What is the highest common factor of g and s?
15
Let a 